{"id":13340,"date":"2017-07-31T12:47:23","date_gmt":"2017-07-31T12:47:23","guid":{"rendered":"https:\/\/morz.vamtam.com\/?page_id=13340"},"modified":"2026-01-28T08:19:12","modified_gmt":"2026-01-28T08:19:12","slug":"fleet","status":"publish","type":"page","link":"https:\/\/ersozshipping.com.tr\/index.php\/fleet\/","title":{"rendered":"Fleet"},"content":{"rendered":"\t\t<div data-elementor-type=\"wp-page\" data-elementor-id=\"13340\" class=\"elementor elementor-13340\">\n\t\t\t\t<div class=\"no-position  elementor-element elementor-element-3863d5da e-flex e-con-boxed e-con e-parent\" data-id=\"3863d5da\" data-element_type=\"container\" data-e-type=\"container\">\n\t\t\t\t\t<div class=\"e-con-inner\">\n\t\t\t\t\t<\/div>\n\t\t\t\t<\/div>\n\t\t<div class=\"no-position  elementor-element elementor-element-31046c5 e-flex e-con-boxed e-con e-parent\" data-id=\"31046c5\" data-element_type=\"container\" data-e-type=\"container\">\n\t\t\t\t\t<div class=\"e-con-inner\">\n\t\t\t\t<div class=\"elementor-element elementor-element-45e5105 gsap-move-no rs-tween_max_btn-no elementor-widget elementor-widget-heading\" data-id=\"45e5105\" data-element_type=\"widget\" data-e-type=\"widget\" data-widget_type=\"heading.default\">\n\t\t\t\t<div class=\"elementor-widget-container\">\n\t\t\t\t\t<h2 class=\"elementor-heading-title elementor-size-default\">Fleet<\/h2>\t\t\t\t<\/div>\n\t\t\t\t<\/div>\n\t\t\t\t\t<\/div>\n\t\t\t\t<\/div>\n\t\t<div class=\"no-position  elementor-element elementor-element-fc982cf e-flex e-con-boxed e-con e-parent\" data-id=\"fc982cf\" data-element_type=\"container\" data-e-type=\"container\">\n\t\t\t\t\t<div class=\"e-con-inner\">\n\t\t<div class=\"no-position  elementor-element elementor-element-06f3dda e-con-full e-flex e-con e-child\" data-id=\"06f3dda\" data-element_type=\"container\" data-e-type=\"container\">\n\t\t\t\t<div class=\"rs-link-anything-wrapper elementor-element elementor-element-8f9562d gsap-move-no rs-tween_max_btn-no elementor-widget elementor-widget-image\" data-rs-element-link=\"{&quot;url&quot;:&quot;https:\\\/\\\/ersozshipping.com.tr\\\/index.php\\\/ersoz-west\\\/&quot;,&quot;is_external&quot;:&quot;&quot;,&quot;nofollow&quot;:&quot;&quot;,&quot;custom_attributes&quot;:&quot;&quot;}\" style=\"cursor: pointer\" data-id=\"8f9562d\" data-element_type=\"widget\" data-e-type=\"widget\" data-widget_type=\"image.default\">\n\t\t\t\t<div class=\"elementor-widget-container\">\n\t\t\t\t\t\t\t\t\t\t\t\t\t\t\t<img fetchpriority=\"high\" decoding=\"async\" width=\"640\" height=\"427\" src=\"https:\/\/ersozshipping.com.tr\/wp-content\/uploads\/2025\/12\/ERSOZ_WEST-1-1024x683.jpg\" class=\"attachment-large size-large wp-image-877\" alt=\"\" srcset=\"https:\/\/ersozshipping.com.tr\/wp-content\/uploads\/2025\/12\/ERSOZ_WEST-1-1024x683.jpg 1024w, https:\/\/ersozshipping.com.tr\/wp-content\/uploads\/2025\/12\/ERSOZ_WEST-1-300x200.jpg 300w, https:\/\/ersozshipping.com.tr\/wp-content\/uploads\/2025\/12\/ERSOZ_WEST-1-768x512.jpg 768w, https:\/\/ersozshipping.com.tr\/wp-content\/uploads\/2025\/12\/ERSOZ_WEST-1.jpg 1536w\" sizes=\"(max-width: 640px) 100vw, 640px\" \/>\t\t\t\t\t\t\t\t\t\t\t\t\t\t\t<\/div>\n\t\t\t\t<\/div>\n\t\t\t\t<div class=\"rs-link-anything-wrapper elementor-element elementor-element-4fd6ad6 gsap-move-no rs-tween_max_btn-no elementor-widget elementor-widget-rs-heading\" data-rs-element-link=\"{&quot;url&quot;:&quot;https:\\\/\\\/ersozshipping.com.tr\\\/index.php\\\/ersoz-west\\\/&quot;,&quot;is_external&quot;:&quot;&quot;,&quot;nofollow&quot;:&quot;&quot;,&quot;custom_attributes&quot;:&quot;&quot;}\" style=\"cursor: pointer\" data-id=\"4fd6ad6\" data-element_type=\"widget\" data-e-type=\"widget\" data-widget_type=\"rs-heading.default\">\n\t\t\t\t<div class=\"elementor-widget-container\">\n\t\t\t\t\t\n\t\t<div class=\"prelements-heading default  center  animate-\">\n\t\t\t<div class=\"title-inner\">\n\t\t\t\t<h3 class=\"title rs-split-text-disable \">Ers\u00f6z West<\/h3>\n\t\t\t<\/div>\n\t\t\t\t\t<\/div>\n\t\t\t\t<\/div>\n\t\t\t\t<\/div>\n\t\t\t\t<\/div>\n\t\t<div class=\"no-position  elementor-element elementor-element-7ae0b11 e-con-full e-flex e-con e-child\" data-id=\"7ae0b11\" data-element_type=\"container\" data-e-type=\"container\">\n\t\t\t\t<div class=\"rs-link-anything-wrapper elementor-element elementor-element-16ede03 gsap-move-no rs-tween_max_btn-no elementor-widget elementor-widget-image\" data-rs-element-link=\"{&quot;url&quot;:&quot;https:\\\/\\\/ersozshipping.com.tr\\\/index.php\\\/ersoz-east\\\/&quot;,&quot;is_external&quot;:&quot;&quot;,&quot;nofollow&quot;:&quot;&quot;,&quot;custom_attributes&quot;:&quot;&quot;}\" style=\"cursor: pointer\" data-id=\"16ede03\" data-element_type=\"widget\" data-e-type=\"widget\" data-widget_type=\"image.default\">\n\t\t\t\t<div class=\"elementor-widget-container\">\n\t\t\t\t\t\t\t\t\t\t\t\t\t\t\t<img decoding=\"async\" width=\"640\" height=\"427\" src=\"https:\/\/ersozshipping.com.tr\/wp-content\/uploads\/2025\/12\/ERSOZ-EAST-1024x683.jpg\" class=\"attachment-large size-large wp-image-866\" alt=\"\" srcset=\"https:\/\/ersozshipping.com.tr\/wp-content\/uploads\/2025\/12\/ERSOZ-EAST-1024x683.jpg 1024w, https:\/\/ersozshipping.com.tr\/wp-content\/uploads\/2025\/12\/ERSOZ-EAST-300x200.jpg 300w, https:\/\/ersozshipping.com.tr\/wp-content\/uploads\/2025\/12\/ERSOZ-EAST-768x512.jpg 768w, https:\/\/ersozshipping.com.tr\/wp-content\/uploads\/2025\/12\/ERSOZ-EAST.jpg 1536w\" sizes=\"(max-width: 640px) 100vw, 640px\" \/>\t\t\t\t\t\t\t\t\t\t\t\t\t\t\t<\/div>\n\t\t\t\t<\/div>\n\t\t\t\t<div class=\"rs-link-anything-wrapper elementor-element elementor-element-e7f2427 gsap-move-no rs-tween_max_btn-no elementor-widget elementor-widget-rs-heading\" data-rs-element-link=\"{&quot;url&quot;:&quot;https:\\\/\\\/ersozshipping.com.tr\\\/index.php\\\/ersoz-east\\\/&quot;,&quot;is_external&quot;:&quot;&quot;,&quot;nofollow&quot;:&quot;&quot;,&quot;custom_attributes&quot;:&quot;&quot;}\" style=\"cursor: pointer\" data-id=\"e7f2427\" data-element_type=\"widget\" data-e-type=\"widget\" data-widget_type=\"rs-heading.default\">\n\t\t\t\t<div class=\"elementor-widget-container\">\n\t\t\t\t\t\n\t\t<div class=\"prelements-heading default  center  animate-\">\n\t\t\t<div class=\"title-inner\">\n\t\t\t\t<h3 class=\"title rs-split-text-disable \">Ers\u00f6z East<\/h3>\n\t\t\t<\/div>\n\t\t\t\t\t<\/div>\n\t\t\t\t<\/div>\n\t\t\t\t<\/div>\n\t\t\t\t<\/div>\n\t\t<div class=\"no-position  elementor-element elementor-element-25fed72 e-con-full e-flex e-con e-child\" data-id=\"25fed72\" data-element_type=\"container\" data-e-type=\"container\">\n\t\t\t\t<div class=\"rs-link-anything-wrapper elementor-element elementor-element-8733391 gsap-move-no rs-tween_max_btn-no elementor-widget elementor-widget-image\" data-rs-element-link=\"{&quot;url&quot;:&quot;https:\\\/\\\/ersozshipping.com.tr\\\/index.php\\\/ersoz-kaye\\\/&quot;,&quot;is_external&quot;:&quot;&quot;,&quot;nofollow&quot;:&quot;&quot;,&quot;custom_attributes&quot;:&quot;&quot;}\" style=\"cursor: pointer\" data-id=\"8733391\" data-element_type=\"widget\" data-e-type=\"widget\" data-widget_type=\"image.default\">\n\t\t\t\t<div class=\"elementor-widget-container\">\n\t\t\t\t\t\t\t\t\t\t\t\t\t\t\t<img decoding=\"async\" width=\"640\" height=\"427\" src=\"https:\/\/ersozshipping.com.tr\/wp-content\/uploads\/2025\/12\/ERSOZ_KAYE-1-1024x683.jpeg\" class=\"attachment-large size-large wp-image-878\" alt=\"\" srcset=\"https:\/\/ersozshipping.com.tr\/wp-content\/uploads\/2025\/12\/ERSOZ_KAYE-1-1024x683.jpeg 1024w, https:\/\/ersozshipping.com.tr\/wp-content\/uploads\/2025\/12\/ERSOZ_KAYE-1-300x200.jpeg 300w, https:\/\/ersozshipping.com.tr\/wp-content\/uploads\/2025\/12\/ERSOZ_KAYE-1-768x512.jpeg 768w, https:\/\/ersozshipping.com.tr\/wp-content\/uploads\/2025\/12\/ERSOZ_KAYE-1.jpeg 1536w\" sizes=\"(max-width: 640px) 100vw, 640px\" \/>\t\t\t\t\t\t\t\t\t\t\t\t\t\t\t<\/div>\n\t\t\t\t<\/div>\n\t\t\t\t<div class=\"rs-link-anything-wrapper elementor-element elementor-element-2440633 gsap-move-no rs-tween_max_btn-no elementor-widget elementor-widget-rs-heading\" data-rs-element-link=\"{&quot;url&quot;:&quot;https:\\\/\\\/ersozshipping.com.tr\\\/index.php\\\/ersoz-kaye\\\/&quot;,&quot;is_external&quot;:&quot;&quot;,&quot;nofollow&quot;:&quot;&quot;,&quot;custom_attributes&quot;:&quot;&quot;}\" style=\"cursor: pointer\" data-id=\"2440633\" data-element_type=\"widget\" data-e-type=\"widget\" data-widget_type=\"rs-heading.default\">\n\t\t\t\t<div class=\"elementor-widget-container\">\n\t\t\t\t\t\n\t\t<div class=\"prelements-heading default  center  animate-\">\n\t\t\t<div class=\"title-inner\">\n\t\t\t\t<h3 class=\"title rs-split-text-disable \">Ers\u00f6z Kaye<\/h3>\n\t\t\t<\/div>\n\t\t\t\t\t<\/div>\n\t\t\t\t<\/div>\n\t\t\t\t<\/div>\n\t\t\t\t<\/div>\n\t\t\t\t\t<\/div>\n\t\t\t\t<\/div>\n\t\t\t\t<\/div>\n\t\t","protected":false},"excerpt":{"rendered":"<p>Fleet Ers\u00f6z West Ers\u00f6z East Ers\u00f6z Kaye<\/p>\n","protected":false},"author":2,"featured_media":0,"parent":0,"menu_order":0,"comment_status":"closed","ping_status":"closed","template":"","meta":{"_monsterinsights_skip_tracking":false,"_monsterinsights_sitenote_active":false,"_monsterinsights_sitenote_note":"","_monsterinsights_sitenote_category":0,"footnotes":""},"class_list":["post-13340","page","type-page","status-publish","hentry"],"aioseo_notices":[],"_links":{"self":[{"href":"https:\/\/ersozshipping.com.tr\/index.php\/wp-json\/wp\/v2\/pages\/13340","targetHints":{"allow":["GET"]}}],"collection":[{"href":"https:\/\/ersozshipping.com.tr\/index.php\/wp-json\/wp\/v2\/pages"}],"about":[{"href":"https:\/\/ersozshipping.com.tr\/index.php\/wp-json\/wp\/v2\/types\/page"}],"author":[{"embeddable":true,"href":"https:\/\/ersozshipping.com.tr\/index.php\/wp-json\/wp\/v2\/users\/2"}],"replies":[{"embeddable":true,"href":"https:\/\/ersozshipping.com.tr\/index.php\/wp-json\/wp\/v2\/comments?post=13340"}],"version-history":[{"count":7,"href":"https:\/\/ersozshipping.com.tr\/index.php\/wp-json\/wp\/v2\/pages\/13340\/revisions"}],"predecessor-version":[{"id":987870,"href":"https:\/\/ersozshipping.com.tr\/index.php\/wp-json\/wp\/v2\/pages\/13340\/revisions\/987870"}],"wp:attachment":[{"href":"https:\/\/ersozshipping.com.tr\/index.php\/wp-json\/wp\/v2\/media?parent=13340"}],"curies":[{"name":"wp","href":"https:\/\/api.w.org\/{rel}","templated":true}]}}